{"id":257,"date":"2022-05-04T14:26:24","date_gmt":"2022-05-04T14:26:24","guid":{"rendered":"https:\/\/startersites.io\/blocksy\/gadgets\/?post_type=product&#038;p=257"},"modified":"2025-11-26T20:59:41","modified_gmt":"2025-11-26T20:59:41","slug":"id-talent","status":"publish","type":"product","link":"https:\/\/carf.cl\/index.php\/product\/id-talent\/","title":{"rendered":"ID TALENT\u00a0CHILE"},"content":{"rendered":"<p>ID TALENT es un evento internacional de identificaci\u00f3n de talentos futbol\u00edsticos, desarrollado por el Levante UD, reconocido club de la Primera Divisi\u00f3n de Espa\u00f1a, a trav\u00e9s de su \u00c1rea Internacional<\/p>\n<p>Por segunda vez en Chile, j\u00f3venes futbolistas tendr\u00e1n la oportunidad de ser observados directamente por scouts y representantes oficiales del Levante UD, quienes buscan descubrir y potenciar nuevas promesas del f\u00fatbol<\/p>\n<p>La colaboraci\u00f3n y producci\u00f3n local est\u00e1 a cargo de CARF \u2013 Centro de Alto Rendimiento de F\u00fatbol, instituci\u00f3n dedicada a la formaci\u00f3n de jugadores de alto nivel, que trabaja d\u00eda a d\u00eda en el desarrollo del talento nacional y su proyecci\u00f3n internacional<\/p>\n<p>ID TALENT representa una oportunidad \u00fanica para que jugadores chilenos muestran su potencial, vivan una experiencia profesional de scouting internacional y den un paso m\u00e1s hacia el f\u00fatbol de \u00e9lite.<\/p>\n","protected":false},"excerpt":{"rendered":"<p><b>ID TALENT<\/b> es un evento internacional de <b>identificaci\u00f3n de talentos futbol\u00edsticos<\/b> del club espa\u00f1ol de Primera Divisi\u00f3n, <b>Levante UD<\/b>, que regresa por segunda vez a Chile en colaboraci\u00f3n con <b>CARF \u2013 Centro de Alto Rendimiento de F\u00fatbol<\/b>. <i>Scouts<\/i> y representantes oficiales del Levante UD observar\u00e1n directamente a j\u00f3venes promesas con el objetivo de descubrirlas y potenciar su proyecci\u00f3n hacia el <b>f\u00fatbol de \u00e9lite<\/b><\/p>\n","protected":false},"featured_media":3355,"comment_status":"open","ping_status":"closed","template":"","meta":[],"product_brand":[],"product_cat":[30,31],"product_tag":[],"class_list":{"0":"post-257","1":"product","2":"type-product","3":"status-publish","4":"has-post-thumbnail","6":"product_cat-competitivo","7":"product_cat-rendimiento","9":"first","10":"instock","11":"shipping-taxable","12":"purchasable","13":"product-type-simple"},"_links":{"self":[{"href":"https:\/\/carf.cl\/index.php\/wp-json\/wp\/v2\/product\/257","targetHints":{"allow":["GET"]}}],"collection":[{"href":"https:\/\/carf.cl\/index.php\/wp-json\/wp\/v2\/product"}],"about":[{"href":"https:\/\/carf.cl\/index.php\/wp-json\/wp\/v2\/types\/product"}],"replies":[{"embeddable":true,"href":"https:\/\/carf.cl\/index.php\/wp-json\/wp\/v2\/comments?post=257"}],"wp:featuredmedia":[{"embeddable":true,"href":"https:\/\/carf.cl\/index.php\/wp-json\/wp\/v2\/media\/3355"}],"wp:attachment":[{"href":"https:\/\/carf.cl\/index.php\/wp-json\/wp\/v2\/media?parent=257"}],"wp:term":[{"taxonomy":"product_brand","embeddable":true,"href":"https:\/\/carf.cl\/index.php\/wp-json\/wp\/v2\/product_brand?post=257"},{"taxonomy":"product_cat","embeddable":true,"href":"https:\/\/carf.cl\/index.php\/wp-json\/wp\/v2\/product_cat?post=257"},{"taxonomy":"product_tag","embeddable":true,"href":"https:\/\/carf.cl\/index.php\/wp-json\/wp\/v2\/product_tag?post=257"}],"curies":[{"name":"wp","href":"https:\/\/api.w.org\/{rel}","templated":true}]}}